of 91868?
2, 7, 17, 193
List the prime factors of 598268.
2, 11, 13597
What are the prime factors of 4083886?
2, 2041943
List the prime factors of 1794963.
3, 727, 823
What are the prime factors of 2724392?
2, 11, 83, 373
List the prime factors of 7758001.
17, 456353
What are the prime factors of 616542?
2, 3, 211, 487
What are the prime factors of 7935255?
3, 5, 19, 9281
List the prime factors of 2158158.
2, 3, 31, 41, 283
List the prime factors of 415469.
415469
What are the prime factors of 40029151?
53, 755267
List the prime factors of 474740.
2, 5, 7, 3391
What are the prime factors of 3957377?
19, 208283
List the prime factors of 158543.
7, 11, 29, 71
List the prime factors of 10200128.
2, 47, 3391
What are the prime factors of 1904100?
2, 3, 5, 11, 577
List the prime factors of 321215.
5, 17, 3779
What are the prime factors of 81156?
2, 3, 6763
What are the prime factors of 140832?
2, 3, 163
List the prime factors of 4884394.
2, 2442197
What are the prime factors of 821808?
2, 3, 13, 439
List the prime factors of 11054254.
2, 1553, 3559
List the prime factors of 1226193.
3, 17, 24043
List the prime factors of 190584.
2, 3, 2647
What are the prime factors of 8726904?
2, 3, 61, 1987
List the prime factors of 42932.
2, 10733
List the prime factors of 16233482.
2, 8116741
What are the prime factors of 917270?
2, 5, 29, 3163
List the prime factors of 4722683.
7, 674669
What are the prime factors of 176098?
2, 13, 521
List the prime factors of 4370880.
2, 3, 5, 29, 157
What are the prime factors of 534247?
7, 10903
What are the prime factors of 22823407?
22823407
What are the prime factors of 3488046?
2, 3, 581341
What are the prime factors of 7320317?
7320317
List the prime factors of 282102.
2, 3, 47017
List the prime factors of 3723834.
2, 3, 620639
List the prime factors of 7504031.
19, 163, 2423
What are the prime factors of 1620851?
271, 5981
What are the prime factors of 371732?
2, 199, 467
What are the prime factors of 1276427?
487, 2621
What are the prime factors of 4345863?
3, 17, 85213
What are the prime factors of 4527624?
2, 3, 19, 9929
List the prime factors of 8076713.
41, 196993
List the prime factors of 1048632.
2, 3, 13, 3361
What are the prime factors of 295849?
19, 23, 677
What are the prime factors of 1572293?
29, 54217
List the prime factors of 6991867.
19, 71, 73
What are the prime factors of 227614?
2, 73, 1559
List the prime factors of 9504605.
5, 11, 29, 59, 101
List the prime factors of 72438.
2, 3, 12073
What are the prime factors of 1027934?
2, 29, 37, 479
What are the prime factors of 569963?
23, 24781
List the prime factors of 3317285.
5, 503, 1319
What are the prime factors of 212505?
3, 5, 31, 457
List the prime factors of 8108750.
2, 5, 13, 499
List the prime factors of 517447.
7, 29, 2549
List the prime factors of 9572507.
7, 1367501
List the prime factors of 4226645.
5, 19, 44491
What are the prime factors of 1939173?
3, 17, 47, 809
What are the prime factors of 1121394?
2, 3, 31, 6029
What are the prime factors of 965717?
73, 13229
What are the prime factors of 226857?
3, 75619
What are the prime factors of 4439328?
2, 3, 131, 353
List the prime factors of 675779.
13, 227, 229
What are the prime factors of 273152?
2, 11, 97
What are the prime factors of 550623?
3, 29, 6329
List the prime factors of 682178.
2, 7, 6961
List the prime factors of 1440389.
151, 9539
List the prime factors of 1230995.
5, 191, 1289
List the prime factors of 1714598.
2, 19, 45121
What are the prime factors of 156686?
2, 157, 499
What are the prime factors of 241837?
257, 941
List the prime factors of 376300.
2, 5, 53, 71
What are the prime factors of 316349?
11, 28759
List the prime factors of 590116.
2, 31, 4759
What are the prime factors of 5382680?
2, 5, 53, 2539
List the prime factors of 12254079.
3, 4084693
List the prime factors of 334511.
334511
List the prime factors of 496273.
47, 10559
List the prime factors of 190180.
2, 5, 37, 257
List the prime factors of 194506.
2, 13, 7481
What are the prime factors of 1025709?
3, 53, 6451
What are the prime factors of 195598?
2, 13, 7523
What are the prime factors of 2401892?
2, 37, 16229
List the prime factors of 25737340.
2, 5, 41, 31387
List the prime factors of 2201583.
3, 23, 31907
List the prime factors of 9589257.
3, 79, 13487
What are the prime factors of 7642360?
2, 5, 11, 1579
What are the prime factors of 6725916?
2, 3, 20759
List the prime factors of 199164.
2, 3, 7, 2371
List the prime factors of 92198.
2, 46099
What are the prime factors of 3078823?
11, 53, 5281
What are the prime factors of 2654136?
2, 3, 191, 193
List the prime factors of 11210310.
2, 3, 5, 17, 431
List the prime factors of 15015331.
2423, 6197
List the prime factors of 5733559.
13, 441043
What are the prime factors of 245113?
11, 22283
List the prime factors of 1873481.
157, 11933
What are the prime factors of 4800118?
2, 157, 15287
List the prime factors of 1682.
2, 29
List the prime factors of 457669.
457669
List the prime factors of 2437386.
2, 3, 7, 131, 443
List the prime factors of 3297682.
2, 127, 12983
List the prime factors of 639494.
2, 319747
List the prime factors of 4051026.
2, 3, 7, 1531
List the prime factors of 23887545.
3, 5, 11, 144773
List the prime factors of 10286436.
2, 3, 857203
List the prime factors of 8038438.
2, 4019219
What are the prime factors of 6919918?
2, 17, 23, 8849
List the prime factors of 8015658.
2, 3, 7, 29, 6581
List the prime factors of 3835245.
3, 5, 19, 13457
List the prime factors of 56014.
2, 7, 4001
List the prime factors of 6143191.
107, 57413
List the prime factors of 281643.
3, 269, 349
What are the prime factors of 648657?
3, 72073
What are the prime factors of 2240805?
3, 5, 7, 21341
What are the prime factors of 518092?
2, 17, 19, 401
What are the prime factors of 1978580?
2, 5, 98929
What are the prime factors of 3248113?
11, 295283
What are the prime factors of 3312445?
5, 167, 3967
List the prime factors of 280043.
193, 1451
List the prime factors of 1097853.
3, 29, 12619
What are the prime factors of 114633?
3, 47, 271
What are the prime factors of 731705?
5, 13, 11257
List the prime factors of 613553.
29, 21157
List the prime factors of 709074.
2, 3, 1459
List the prime factors of 14226743.
14226743
What are the prime factors of 866730?
2, 3, 5, 167, 173
What are the prime factors of 3513419?
7, 13, 38609
List the prime factors of 41534.
2, 19, 1093
What are the prime factors of 1049254?
2, 281, 1867
List the prime factors of 219873.
3, 73291
List the prime factors of 674455.
5, 43, 3137
What are the prime factors of 2020049?
199, 10151
List the prime factors of 2233540.
2, 5, 181, 617
What are the prime factors of 2848016?
2, 178001
List the prime factors of 2075474.
2, 23, 45119
What are the prime factors of 14675659?
947, 15497
What are the prime factors of 405461?
7, 57923
List the prime factors of 4938294.
2, 3, 29, 101, 281
What are the prime factors of 20257444?
2, 41, 149, 829
What are the prime factors of 548441?
548441
List the prime factors of 3412535.
5, 7, 97501
What are the prime factors of 860053?
29, 47, 631
What are the prime factors of 864761?
271, 3191
List the prime factors of 510238.
2, 17, 43, 349
List the prime factors of 152193.
3, 97, 523
List the prime factors of 10187994.
2, 3, 257, 6607
List the prime factors of 542389.
41, 13229
What are the prime factors of 55211?
13, 31, 137
What are the prime factors of 6984775?
5, 7, 167, 239
What are the prime factors of 503719?
31, 16249
What are the prime factors of 730826?
2, 365413
List the prime factors of 3703782.
2, 3, 23, 26839
List the prime factors of 548742.
2, 3, 91457
What are the prime factors of 3153477?
3, 953, 1103
List the prime factors of 1635223.
29, 113, 499
What are the prime factors of 5917650?
2, 3, 5, 39451
List the prime factors of 1615355.
5, 7, 46153
List the prime factors of 16831501.
16831501
What are the prime factors of 3509783?
29, 37, 3271
What are the prime factors of 2839837?
7, 11, 13, 2837
What are the prime factors of 2524352?
2, 39443
List the prime factors of 202091.
179, 1129
What are the prime factors of 96548?
2, 24137
List the prime factors of 16831.
16831
List the prime factors of 4030873.
7, 11, 4759
List the prime factors 